- (-922)/12?
7
Suppose 50*p + 59*p - 756491 - 564698 = 0. What is the hundreds digit of p?
1
Let m(u) be the first derivative of 128*u**2 - u - 27. Let b be m(-2). What is the units digit of (b/(-38))/((-1)/(-6))?
1
Let p(h) = 9870*h - 1441. What is the hundreds digit of p(4)?
0
Let b = 1114 - 348. Suppose 201 = k + 4*m, -4*k = -m - 2*m - b. What is the units digit of k?
3
Let q(d) = -252*d - 3347. What is the tens digit of q(-90)?
3
Suppose -116*l + 105*l = -66363. What is the tens digit of l?
3
Suppose 0 = j + 5*h - 8087, 5*h + 13 + 2 = 0. What is the thousands digit of j?
8
Let f = 6398 + -172. What is the units digit of f?
6
Let x = -51 - -47. What is the hundreds digit of 1456/2 + -2 + x?
7
Let b = 113 + -108. Let v be -3 - (0 + (-15)/b). Suppose v = -5*s - 5*c + 930, 0 = -3*s - 5*c + 715 - 147. What is the tens digit of s?
8
Suppose 0 = -0*g - 4*g - 4*u + 188928, -3*u = -3*g + 141684. What is the units digit of g?
0
Suppose 0 = 3*k - 5*t - 4001, 4*k = -2*t + t + 5350. Suppose 2*n + 333 = k. What is the units digit of n?
2
Let i(d) = d**3 - d**2 + d + 5. Let c be i(0). Let l = c - 37. Let y = l + 42. What is the units digit of y?
0
Suppose 5*z - 97 + 152 = 0. Let c(v) = -19*v + 101. What is the hundreds digit of c(z)?
3
Let x = 530 - 821. Let s = x + 696. What is the tens digit of s?
0
Suppose -1309732 = -178*f - 27*f - 378827. What is the tens digit of f?
4
Let c be 9 + 2/(-3)*3. Let l be (3 - 2) + (143 - c). Let o = l - 56. What is the tens digit of o?
8
Let i(v) = -18*v - 6. Let m be i(11). Let q = m - -447. What is the hundreds digit of q?
2
Let k(q) = 6*q**2 - 5*q - 2. Let c(z) = 3*z**3 + 2*z**2 - z. Let m be c(1). Let j be k(m). Suppose -y + j = y. What is the tens digit of y?
3
Suppose 0 = -13*r + 4*r - 6156. What is the units digit of (-280)/42*r/15?
4
Let m(y) = -y**3 - 22*y**2 - 39*y - 165. What is the thousands digit of m(-31)?
9
Suppose -115 = -13*t - 76. What is the tens digit of (-2008)/t*(-24)/16?
0
Let u(x) = 82*x**2 + 43*x + 264. What is the hundreds digit of u(-19)?
0
Let l = 46935 + 29487. What is the thousands digit of l?
6
Suppose 4740 = -27*f + 32*f. Suppose 0 = 2*c - 3*c - 4*w + 231, 4*c = -4*w + f. What is the hundreds digit of c?
2
Suppose -2710 = 3*j - 11587. What is the units digit of j?
9
What is the thousands digit of (12/14)/(256/(-224))*(-3 + -12421)?
9
Let r(l) = 69*l**2 + 133*l + 1187. What is the thousands digit of r(-9)?
5
Let d(l) = -163*l**3 + 3*l**2 - 14*l - 28. What is the ten thousands digit of d(-4)?
1
Suppose 6344 - 1192 = -28*z. Let g = 300 - z. What is the hundreds digit of g?
4
Let x(m) = -420*m - 411. What is the tens digit of x(-14)?
6
Let c(w) = 107*w**2 + 6*w + 310. What is the units digit of c(13)?
1
Let y = -20 - -43. Suppose 21*z - y*z - 6 = 0. What is the tens digit of 2176/12 - z/(-9)?
8
Let l(z) = -83*z - 4. Let n be (12/(-9) - -2)*(11 - 8). Suppose -7*h + 2*p - 13 = -n*h, -h + 7 = 2*p. What is the tens digit of l(h)?
7
Suppose 0 = i - 10 - 6. Let x(l) = 4*l**2 - l - 33. Let y be x(i). Suppose -30*r + y = -25*r. What is the tens digit of r?
9
Suppose 0 = 5*t - 2*t - 9. Suppose t*q = -2 + 14. Suppose -2*y + 262 = q*j, -5*y + 0*y + 619 = j. What is the hundreds digit of y?
1
Suppose -4*c - 9*c = -3575. Let r = -124 + c. What is the hundreds digit of r?
1
Let x(n) = 213*n**2 + 33*n + 500. What is the hundreds digit of x(-12)?
7
Let a = 602 + -598. Suppose 2*r - a*u - 3252 = 0, -12*u + 14*u = 4*r - 6510. What is the units digit of r?
8
Suppose w = -5*y + 86877, 69063 = 4*y - 3*w - 469. What is the hundreds digit of y?
3
Let f(j) = 2*j**3 - 38*j**2 + 7*j + 479. What is the thousands digit of f(39)?
1
Let i = 880 - 75. Let m = -352 + i. Suppose -4*y + m = 5*j, -3*j = y - j - 111. What is the hundreds digit of y?
1
What is the hundreds digit of (-2 + (-12)/(-5))/(-27*2/(-237330))?
7
Suppose -d + 62 = -k - 578, -2*d - 634 = k. Let v = -417 - k. Suppose 0 = 3*q - v - 169. What is the hundreds digit of q?
1
Suppose 5*y = -4*j + 61, -j + 19 = -0*y + 2*y. Suppose 3*i + l - 14 = 0, -78*l + 77*l + 10 = 2*i. Suppose -i*r + j*r = 320. What is the units digit of r?
4
Let i = 29187 - 20797. What is the hundreds digit of i?
3
Let x(b) = 3*b + 2. Let i(w) = w + 1. Suppose -36*k + 12 = -34*k. Let r(p) = k*x(p) - 11*i(p). What is the units digit of r(5)?
6
Suppose -16 = -25*p + 26*p. Let n = 236 - p. What is the units digit of n?
2
Let m = 247 + 35. Let u = m + -130. Suppose 0 = 3*r - u - 295. What is the hundreds digit of r?
1
Let k(j) = 3*j**3 - 16*j**2 + 19*j + 29. Let u(l) = 14*l**3 - 64*l**2 + 77*l + 116. Let a(p) = -9*k(p) + 2*u(p). What is the tens digit of a(-12)?
5
Let h(q) be the third derivative of -q**4/3 - 4*q**3/3 - 15*q**2. Let z be h(-16). What is the units digit of 56/6*z/140?
8
Let c(d) = 475*d**2 - 197*d + 32. What is the thousands digit of c(-4)?
8
Let v = 0 - -3. Suppose 5*h = -4*k + 422, k + 2*h = -v*h + 113. What is the units digit of k?
3
Let j = -53 - -104. What is the hundreds digit of (-15)/((j/20)/(-17))?
1
What is the hundreds digit of ((-8)/24 - (-234935)/60)/(2/8)?
6
Suppose -22*n + 209274 = -70764. What is the ten thousands digit of n?
1
Let x = 37 - 38. Let d be ((-5)/(1/x))/(10/(-30)). Let r = d - -57. What is the tens digit of r?
4
Suppose 147 = -2*s + 143. Let d(p) = 82*p**2 + 6*p - 2. What is the units digit of d(s)?
4
What is the hundreds digit of (-179326)/(-38) - (-304)/(-2888)?
7
Let r be (-131)/3 - (-2)/(-6). Let q be 45/15 - (4 - -86). Let l = r - q. What is the units digit of l?
3
Let a = -5439 - -16043. What is the units digit of a?
4
Let v be (-102)/(-136) - 5/(-4). Suppose -3*r = 12, 391 = 3*j - v*r - 2*r. What is the hundreds digit of j?
1
Suppose -5*s + 24 = 4. Let q be (-520)/(-15) + 3 - s/6. Suppose 0 = -v + q + 54. What is the tens digit of v?
9
Let q(n) = 3*n**2 - 13*n - 39. Let s(h) = h**2 - 29*h + 91. Let m be s(26). What is the tens digit of q(m)?
9
Suppose 5*o = -26*q + 24*q + 55668, -4*q = 4. What is the units digit of o?
4
Let m be (-4)/(-3) - (-2 - (-113)/(-3)). Let j = m + 349. Let i = -167 + j. What is the tens digit of i?
2
Suppose 2*y = -i + 70, 0 = 3*y - 4*y - i + 34. Suppose 77 + y = -t. Let b = t + 293. What is the units digit of b?
0
Suppose -4*g - g = 4*z - 18, -4 = 2*z - 4*g. Suppose -2*r - 149 = -z*q - 3*q, -4*r - 322 = -2*q. Let v = 177 + r. What is the tens digit of v?
9
Let d(t) = -t**3 - 10*t**2 + 10*t - 16. Let v be d(-11). Let p = v - -9. What is the hundreds digit of (-510)/p*((-84)/30 + 2)?
1
Let j = 2 - -10. Let n = -40 - j. Let y = 105 + n. What is the tens digit of y?
5
Let b(o) = -o**2 + 31*o - 62. Suppose 5*j + l - 45 = 0, 4*j - l - 13 - 23 = 0. Let w = 36 - j. What is the units digit of b(w)?
6
Let k = -91 + 103. Suppose k = 35*t - 32*t. Suppose 0 = 3*w + t*x - 227, w - x = 2*x + 67. What is the tens digit of w?
7
Suppose -5*o + 3*s - 44 = 0, 3*o + 0*o + 28 = s. What is the hundreds digit of (o + 5)/((-231)/115 - -2)?
5
Suppose 0 = -2*z + z + 2*q + 163, 5*q + 484 = 3*z. Suppose -2*c + 151 = -z. What is the units digit of c?
2
Suppose 5*w + 4*u - 38423 = 0, 2*w - 134*u - 15358 = -130*u. What is the units digit of w?
3
Let k be ((-124)/3)/(54/(-1377)). Suppose 5*s - k - 501 = 0. What is the hundreds digit of s?
3
Let m(h) = 282*h**2 + 91*h + 1224. What is the tens digit of m(-14)?
2
Let f = 1741 - -731. What is the hundreds digit of f?
4
Let q(p) = p**2 + 13*p - 4. Let z be q(-10). Let s be -12 + 5 + (0 - -1). Let t = s - z. What is the units digit of t?
8
Let w = -62649 + 94118. What is the thousands digit of w?
1
What is the thousands digit of 32/(-12)*(-45)/(-20)*-10936?
5
What is the tens digit of 490061/286*(-2)/(-1)?
2
Suppose 3*h - 2*h + 10834 = 50407. What is the tens digit of h?
7
What is the ten thousands digit of (-1080)/(-90) - 1283*-13?
1
Let j(p) = -30*p - 7. Let k be j(-13). Let m = k - 217. What is the hundreds digit of m?
1
Let z be (1*(-1 + 4))/((-1)/(-41)). Suppose 5*a = -3*c + a + z, -176 = -5*c + 3*a. Suppose 60 = 2*f - 5*g, 5*f - 5*g = -c + 202. What is the units digit of f?
5
Let z be -3 - -1 - -1*5. Let k = 261 + -219. Let u = k - z. What is the tens digit of u?
3
Let o be (-828)/(-10) - 4/5 - 1. Let z be (-4)/(-12)*(257 - -1). Suppose 0 = 4*g - 2*b - z, -4*g = 3*b - 0*b - o. What is the units di